2097?
2091
Calculate the remainder when 1409564 is divided by 78306.
56
What is the remainder when 470547 is divided by 1012?
979
What is the remainder when 377560039 is divided by 66?
43
Calculate the remainder when 3920 is divided by 3370.
550
Calculate the remainder when 3492410 is divided by 5025.
35
Calculate the remainder when 23888657 is divided by 504.
65
What is the remainder when 124764 is divided by 3465?
24
What is the remainder when 29507 is divided by 9817?
56
Calculate the remainder when 6009552 is divided by 471.
63
What is the remainder when 1826342 is divided by 23118?
20
Calculate the remainder when 461233 is divided by 27124.
125
Calculate the remainder when 253573 is divided by 215.
88
What is the remainder when 7975293 is divided by 22?
7
What is the remainder when 18606 is divided by 18430?
176
What is the remainder when 4328412 is divided by 368?
364
Calculate the remainder when 962337 is divided by 480984.
369
Calculate the remainder when 2790020 is divided by 32442.
8
Calculate the remainder when 85355147 is divided by 3714.
3713
Calculate the remainder when 420477 is divided by 764.
277
Calculate the remainder when 539440 is divided by 4458.
22
What is the remainder when 32306582 is divided by 1303?
0
Calculate the remainder when 3013668 is divided by 1743.
21
Calculate the remainder when 30156232 is divided by 568.
544
What is the remainder when 599462 is divided by 326?
274
Calculate the remainder when 3622596 is divided by 278.
256
Calculate the remainder when 2365266 is divided by 1923.
1899
What is the remainder when 249360898 is divided by 124680440?
18
Calculate the remainder when 21288 is divided by 20775.
513
What is the remainder when 880749 is divided by 55002?
717
What is the remainder when 4628844 is divided by 14836?
12
Calculate the remainder when 1073361 is divided by 82566.
3
What is the remainder when 529738 is divided by 172641?
11815
What is the remainder when 28940180 is divided by 2832?
2804
Calculate the remainder when 2161034 is divided by 163.
143
What is the remainder when 2247239 is divided by 348?
203
What is the remainder when 1277536 is divided by 127?
43
Calculate the remainder when 79936815 is divided by 4046.
4039
Calculate the remainder when 565203 is divided by 56495.
253
What is the remainder when 3468083 is divided by 63055?
58
What is the remainder when 148985 is divided by 2613?
44
Calculate the remainder when 39310 is divided by 2361.
1534
What is the remainder when 21521366 is divided by 8986?
8882
Calculate the remainder when 4339038 is divided by 21.
18
What is the remainder when 13189 is divided by 130?
59
Calculate the remainder when 1764316 is divided by 88204.
236
Calculate the remainder when 120603 is divided by 1702.
1463
Calculate the remainder when 9002818 is divided by 391426.
20
What is the remainder when 11546136 is divided by 498?
6
What is the remainder when 1600815 is divided by 533374?
693
What is the remainder when 2685217 is divided by 167825?
17
What is the remainder when 5279645 is divided by 122?
95
What is the remainder when 2842051 is divided by 4377?
1378
Calculate the remainder when 22038852 is divided by 15.
12
Calculate the remainder when 169700 is divided by 1377.
329
Calculate the remainder when 1398930 is divided by 1398922.
8
What is the remainder when 10349334 is divided by 247?
34
Calculate the remainder when 28194018 is divided by 4923.
4920
What is the remainder when 320084 is divided by 41?
38
Calculate the remainder when 337826021 is divided by 1349.
1347
Calculate the remainder when 27978802 is divided by 12.
10
Calculate the remainder when 13231154 is divided by 1470128.
2
Calculate the remainder when 1115550 is divided by 2105.
2005
Calculate the remainder when 695489 is divided by 34773.
29
Calculate the remainder when 6663383 is divided by 2108.
2103
What is the remainder when 899052 is divided by 302?
300
What is the remainder when 1989762 is divided by 15189?
3
What is the remainder when 230716 is divided by 190?
56
What is the remainder when 135538435 is divided by 7457?
3
What is the remainder when 2966925 is divided by 141255?
570
Calculate the remainder when 168170 is divided by 1868.
50
Calculate the remainder when 1832939 is divided by 3621.
713
Calculate the remainder when 3076684 is divided by 4683.
4636
Calculate the remainder when 58305 is divided by 5829.
15
What is the remainder when 57271 is divided by 2727?
4
What is the remainder when 85369 is divided by 6618?
5953
Calculate the remainder when 353739 is divided by 12.
3
What is the remainder when 54588042 is divided by 5691?
5661
What is the remainder when 49275988 is divided by 283?
28
Calculate the remainder when 2266290 is divided by 87164.
26
Calculate the remainder when 177875 is divided by 4212.
971
Calculate the remainder when 734737 is divided by 183440.
977
What is the remainder when 114649 is divided by 620?
569
Calculate the remainder when 11472076 is divided by 595.
476
What is the remainder when 310178510 is divided by 1947?
1940
Calculate the remainder when 12968690 is divided by 417.
407
Calculate the remainder when 9495 is divided by 2854.
933
Calculate the remainder when 17332991 is divided by 6.
5
Calculate the remainder when 196027 is divided by 6758.
45
Calculate the remainder when 22706 is divided by 401.
250
What is the remainder when 24824625 is divided by 296?
289
Calculate the remainder when 10023970 is divided by 214.
210
Calculate the remainder when 30484 is divided by 5076.
28
What is the remainder when 587020 is divided by 1702?
1532
Calculate the remainder when 305016787 is divided by 17.
16
What is the remainder when 1695767 is divided by 154124?
403
What is the remainder when 415929 is divided by 129?
33
Calculate the remainder when 287092 is divided by 1663.
1056
What is the remainder when 65706 is divided by 60586?
5120
What is the remainder when 49144057 is divided by 10?
7
Calculate the remainder when 6969624 is divided by 3484753.
118
Calculate the remainder when 10420022 is divided by 102157.
8
Calculate the remainder when 463377 is divided by 5484.
2721
Calculate the remainder when 62742023 is divided by 202.
15
What is the remainder when 29877 is divided by 4017?
1758
What is the remainder when 310764 is divided by 4637?
85
Calculate the remainder when 11761965 is divided by 5880976.
13
Calculate the remainder when 48227 is divided by 1942.
1619
What is the remainder when 1953042 is divided by 390601?
37
Calculate the remainder when 18357 is divided by 1686.
1497
What is the remainder when 2490461 is divided by 497?
491
What is the remainder when 772292 is divided by 384981?
2330
Calculate the remainder when 3608955 is divided by 890.
5
What is the remainder when 22517 is divided by 5744?
5285
Calculate the remainder when 21216 is divided by 4917.
1548
What is the remainder when 5366001 is divided by 1341499?
5
Calculate the remainder when 7272 is divided by 472.
192
Calculate the remainder when 1867347 is divided by 30.
27
What is the remainder when 10767068 is divided by 59817?
8
Calculate the remainder when 139396 is divided by 34844.
20
What is the remainder when 18699282 is divided by 164?
2
Calculate the remainder when 33097643 is divided by 852.
851
Calculate the remainder when 867921696 is divided by 113.
110
Calculate the remainder when 2558413 is divided by 67.
18
Calculate the remainder when 56662564 is divided by 49.
42
Calculate the remainder when 212930672 is divided by 334.
328
What is the remainder when 84084 is divided by 13909?
630
Calculate the remainder when 5706283 is divided by 46771.
221
What is the remainder when 771037 is divided by 2373?
2185
Calculate the remainder when 1150832 is divided by 34.
0
Calculate the remainder when 2911380 is divided by 121307.
12
What is the remainder when 3382527 is divided by 75167?
12
What is the remainder when 1130847 is divided by 299?
29
What is the remainder when 6268797 is divided by 75?
72
Calculate the remainder when 379716 is divided by 12248.
28
Calculate the remainder when 24866 is divided by 1912.
10
What is the remainder when 11629789 is divided by 710?
699
What is the remainder when 5365673 is divided by 122?
113
Calculate the remainder when 432495 is d